 = -13*l**2 - 78*l + 4. Let a(v) = 7*r(v) - 3*s(v). Determine a(j).
-16
Let j = -33 - -38. Let r(u) = 2 + 5 - 3*u + j*u. Let y be (-6)/(1/(2/2)). Give r(y).
-5
Let z = 41 - 39. Let y(i) = 2 + 2*i - z + 12 - 6. Calculate y(-4).
-2
Let y(t) = t**3 + 5*t**2 - 6*t + 1. Let c(m) = 2*m + 24. Let o be c(-10). Suppose o*g = -5*b - 42, 27 = -4*b + g - 2*g. Determine y(b).
1
Let u be (2 - 14/4) + (-21)/42. Let g(y) = 2*y**3 - 3*y - y**3 + 2*y + 3*y**2 + 5*y + 2. What is g(u)?
-2
Let b(z) be the third derivative of -z**5/60 - 7*z**4/24 - z**3/3 - 53*z**2. Calculate b(-4).
10
Suppose -5*b = 2*b + 119. Let w = b + 17. Let n(q) = -q**3 - q + 2. Calculate n(w).
2
Let y(s) = s - 3. Let n be y(4). Let b(p) = -10*p**2 - 46*p + 13. Let c(t) = 6*t**2 + 25*t - 7. Let d(x) = 6*b(x) + 11*c(x). What is d(n)?
6
Let y(k) = k - k**2 - 8 - 5 - k**3 + 3. Let c be (-26)/(-8) + 3/(-12). Let m be 3 + (-8 + c - -2). What is y(m)?
-10
Suppose 0 = -2*b + 4*n - 18, 5*b - 7*b + n - 18 = 0. Let w(y) = -2*y - 8. What is w(b)?
10
Let z(j) be the second derivative of -j**4/12 + j**3/6 - 4*j**2 + 7*j. Let r(h) = -h**3 + 10*h**2 - 8*h - 9. Let g be r(9). Give z(g).
-8
Suppose 134*j + 14 = 132*j. Let d(h) = -h**3 - 6*h**2 + 8*h + 6. Determine d(j).
-1
Suppose 21 - 9 = c. Suppose 36 = -6*n + c*n. Let j(g) = g**2 - 6*g + 1. Give j(n).
1
Suppose -2*q = -4*s - 12 - 0, -4*q + 3*s = -14. Suppose 5*c - 27 = -4*t, 21 = 4*t + q*c + c. Let r(j) = -t*j + j + j**2 - 1 + 0*j. Calculate r(2).
-1
Let p(b) be the first derivative of -b**6/120 - b**5/60 + 8*b**2 - 3. Let m(c) be the second derivative of p(c). Calculate m(1).
-2
Suppose -215 = 52*b - 9*b. Let m(v) = v**3 + 4*v**2 - 8*v - 12. Give m(b).
3
Let p(d) be the first derivative of -d**4/4 - 5*d**3/3 - 4*d - 24. Let h be (-2)/(-1) - 7/1. Let u be p(h). Let r(t) = t**2 + 7*t + 5. What is r(u)?
-7
Suppose -34*j + 31*j = 5*i + 5, 0 = 2*j - i - 14. Suppose 3*v = 3*w + 15, 0 = 2*v + 4*w - 26 + 10. Let b(c) = -v*c - 1 + c**2 + 1. Determine b(j).
-5
Suppose 0 = -2*g + 6, -5*g = -4*n - 10 + 91. Let u be (4 - 2)/(2/n). Suppose -y - 4*o + u = 3*y, -15 = -3*y - 2*o. Let l(h) = h**2 - 2*h - 4. Give l(y).
-1
Let j be -2 + 3 + (-5)/1. Let l(m) = 22*m - 40*m + 2 + 20*m. Give l(j).
-6
Let x(y) = y**2 - 3*y - 1. Suppose -4*m - 2*o + 64 = 0, -o + 66 = 5*m - 2*o. Suppose -n - m = -0*n. Let f = n - -17. Calculate x(f).
-1
Let h(s) = s**2 - 2*s - 8. Suppose 5*f - 24 = 2*p, 0 = -57*f + 54*f + p + 14. Calculate h(f).
0
Let a(m) = m**2 + 8*m - 26. Suppose -221*y + 219*y = 22. What is a(y)?
7
Let k(j) = 13*j**3 - 14*j**2 - 3*j - 11. Let t(l) = -7*l**3 + 8*l**2 + 2*l + 6. Let m(p) = -4*k(p) - 7*t(p). Determine m(1).
-3
Suppose -2*v = -1 - 3. Let y(m) = -v*m + 17*m**2 - m - 12*m**2. Determine y(2).
14
Let o(s) = -s**2 - 6*s - 4. Suppose -66 = 5*w - 41. What is o(w)?
1
Let l(x) = 4*x + 242 - 242. Suppose 0*o - 3 = 3*o. Give l(o).
-4
Let k(g) be the second derivative of g**5/20 + 2*g**4/3 + 7*g**3/6 - 3*g**2/2 - 2*g + 624. Suppose 4*i - 3 = -31. Give k(i).
-3
Let m(k) be the second derivative of 0*k**4 + 0 - 1/2*k**2 + 1/3*k**3 + 22*k - 1/20*k**5. What is m(-2)?
3
Let v(q) = -q**3 + 3*q**2 + q - 1. Let w(x) = x**2 - 3*x - 7. Let u be w(5). Suppose u*f + 9 = 4*s - 1, -3*f = 5*s - 26. What is v(f)?
5
Let g(z) = -z. Let r(d) = 5*d. Let j(u) = 6*g(u) + r(u). Give j(-1).
1
Let t(j) = 2*j + 2*j**2 - j - j**2 - 3*j. Let v be 54/(-24)*(-2 + (-6)/(-1)). Let p(r) = 2*r**2 - 5*r - 1. Let z(d) = v*t(d) + 4*p(d). Give z(-3).
-7
Suppose 4*c = o + 1, 3*o - 9 - 4 = -4*c. Suppose -o*b = 2 - 11. Let q(s) be the second derivative of s**4/12 - s**3/2 - s**2 - 8*s. Give q(b).
-2
Let x(c) = -13*c + 2. Let l be x(-2). Let y = 30 - l. Let d(m) = m**3 - 4*m**2 + 2*m + 1. Give d(y).
-3
Let g be (-1)/((1/(-4))/((-9)/(-12))). Let n(q) = 7*q**3 - g - 8*q**3 - q**2 + 3*q + 0*q**2. What is n(-3)?
6
Let r(f) = f**3 - f**2 - f - 5. Let b(l) = l**3 - 2*l**2 - 2*l - 6. Suppose 11 = -2*h - p, -2*h = 5*p + 23 + 8. Let u(i) = h*b(i) + 4*r(i). Give u(-2).
-6
Let y(o) = -o**3 - o**2 + 2*o + 1. Let b(u) = -18. Let s(m) = m + 17. Let t(d) = -3*b(d) - 2*s(d). Let g be -3*(7 + -4)*-1. Let c be t(g). Give y(c).
-7
Let g(q) = 0*q**2 - 2*q**2 - q - q**3 + 4*q + 3*q + 4. Let j be g(-4). Let p(y) = 6*y - j*y + 2 + 7*y. Determine p(-1).
1
Let v(z) = 7*z**2 + 2*z - 3. Let p(b) = 29*b**2 + 8*b - 13. Let m(s) = -2*p(s) + 9*v(s). Calculate m(-2).
15
Let r(i) = i - 2*i + 6 + 100*i**2 - 5*i - 101*i**2. Suppose -p = 5 + 1. Calculate r(p).
6
Let n(b) = -3 + 5 - 7*b**2 + 13*b**2 + 7*b - 5*b**2. What is n(-6)?
-4
Let m(k) = -2*k. Let n be (-725)/200 + 18/(-48). What is m(n)?
8
Suppose -5*z = -0*t + 3*t + 33, -5*z = 5*t + 35. Let u(x) be the second derivative of 0 - x + 1/6*x**3 + 6*x**2. Determine u(z).
6
Suppose -4*r + 3*i + 9 = 0, -5*r + 2*i = 3 - 23. Let z(j) = 2 - r - 2*j + 6. Calculate z(4).
-6
Let z(w) be the second derivative of -w**5/20 - w**4/2 - w**3/6 - 5*w**2/2 - 7*w + 2. What is z(-6)?
1
Suppose 7*l + 9 = 10*l. Let b(o) = -10*o**3 + 2*o**2 - 4*o - 3. Let h(f) = 9*f**3 - f**2 + 3*f + 2. Let j(x) = l*b(x) + 4*h(x). Let p = -2 - -1. Give j(p).
-5
Let f = -175 - -335. Let q(l) = 2*l - f*l**2 + 2*l + 1 - 7 + 161*l**2. Calculate q(-6).
6
Suppose -82*p + 86*p - 16 = 0. Let g be 3*((-22)/6 + p). Let r(a) = 4*a**2 + 2*a - 1. Give r(g).
5
Let n(f) be the second derivative of -f**4/6 - 4*f**3/3 + 2*f**2 - 100*f. Calculate n(-7).
-38
Let b(x) = -x**3 + 2*x**2 + x + 2. Let j(z) = -z**2 - 8*z + 11. Suppose 34 = -4*q - 2. Let l be j(q). What is b(l)?
4
Let q(o) = 5*o + 14. Let r be -10*-1*6/(-15). Let l be q(r). Let u(z) = -z - 3. What is u(l)?
3
Let r(n) = 0*n + n - 2*n. Let j(c) = -c - 11. Let t be j(-14). Let a(v) = v. Let f(i) = t*r(i) + 2*a(i). What is f(-4)?
4
Suppose 31 - 7 = 24*x. Let t(b) = -5*b**2 - 1. Give t(x).
-6
Let o = 7 + -10. Let p(i) = i - i + 1 + 1747*i**2 - 1748*i**2. Let g(l) = -l**2 + 1. Let s(d) = -g(d) + 2*p(d). Give s(o).
-8
Let v(n) be the third derivative of -n**6/360 + n**5/40 + 7*n**4/24 - 5*n**3/6 + 16*n**2. Let g(t) be the first derivative of v(t). Let f = 9 - 4. Give g(f).
-3
Let l = -1307 - -2491. Let u(n) = -2 + l*n**2 - n**3 + 0*n**3 - 1182*n**2. Calculate u(2).
-2
Let d(o) = 4*o**2 - 3*o - 3. Let n(k) = -3*k**2 + 4*k + 1. Let w(l) = 2*d(l) + 3*n(l). Let a = 1 - -1. What is w(a)?
5
Let g(a) = 2*a - 1. Let k(i) = -2*i + 2. Let b(n) = 5*g(n) + 4*k(n). Suppose -d = -4*d - 6. Let j = -1 + d. Determine b(j).
-3
Let s(t) = -t**2 - 42 - 7*t - 43 + 74. Let b be s(-5). Let f(v) = 7*v**2 - v - 1. Calculate f(b).
7
Let i = -34 - -38. Suppose 3*h + 24 = -i*n, -3*n + n - 5*h - 26 = 0. Let t(r) = r**3 + 3*r**2 + r + 3. Determine t(n).
0
Let w(s) = 3*s**2 - 5*s + 6. Let o be w(2). Suppose 3*x - 12 = 0, -5*c - 5*x - 2 = o. Let i(y) = 2*y + 6. What is i(c)?
-6
Let i(x) = 2*x + x - 7 - 2*x. Suppose -5*c - 9 - 1 = -5*t, -26 = -4*t - 5*c. Give i(t).
-3
Let z = 1730/3 - 576. Let b(c) be the third derivative of 0 - c**2 - 1/6*c**4 + z*c**3 + 0*c. Give b(3).
-8
Let q(a) = 5 - 15 - 13*a**2 + 13 - a**3. Give q(-13).
3
Let x(q) = 20*q + 35. Let h(b) = -7*b - 12. Let r(t) = 17*h(t) + 6*x(t). Let i = -3 + 3. Suppose j = -l - 0*l, i = -4*l + 20. Calculate r(j).
1
Let s(u) = 2 + 0*u - 2*u + 3*u + 2*u. Let z be s(-1). Let g(p) = -8*p**3 - p**2 - 2*p - 1. Calculate g(z).
8
Let v(f) = 3*f - 2. Let s(n) = -62*n + 38. Let c(o) = s(o) + 16*v(o). What is c(4)?
-50
Let c(g) = -3*g**2 - 2*g - 3. Let m be (-14)/4*(-12)/(-2)*-1. Suppose -k = 5*i + 15, 3*k + m = -i + 4. What is c(i)?
-11
Let u = 8 - 9. Let n be -5 - -1 - (-5 + -1). Let z(q) = -q + 0*q - q + 2*q**n + 3*q. Determine z(u).
1
Let n be (-4)/12*-9 - -5. Suppose 0 = l + 5*q - 20, -n = l - 4*q - 1. Let u(p) = -p**2 + 4*p + 2. What is u(l)?
-3
Let n(r) = -4*r + 4. Let x(k) be the third derivative of k**4/12 + 11*k**2. Let z(t) = 2*n(t) + 6*x(t). What is z(-7)?
-20
Let v(b) = 5*b - 3. Let w(g) be the third derivative of g**4/24 - g**2. Let m(n) = v(n) - 6*w(n). Suppose 7*z = 3*z - 24. What is m(z)?
3
Suppose 3*i - 4*q = 31, 2*q = -25*i + 29*i - 28. Let o(d) be the first derivative of 10*d + i - 1/2*d**2. What is o(5)?
5
Let u be (-3)/(-2)*(-2)/3. Let a be (-2)/(-1*u*2). Let d(m) be the second derivative of 19*m**3/6 + m**2/2 + 1204*m. Give d(a).
-18
Let p(o) = o**3 + o**2 + 2. Let